{"id":72,"date":"2019-04-17T18:32:53","date_gmt":"2019-04-17T18:32:53","guid":{"rendered":"http:\/\/andidocoaching.de\/?page_id=72"},"modified":"2024-03-28T21:31:06","modified_gmt":"2024-03-28T21:31:06","slug":"ueber-mich-2","status":"publish","type":"page","link":"https:\/\/andidocoaching.de\/?page_id=72","title":{"rendered":"\u00dcber mich"},"content":{"rendered":"\t\t<div data-elementor-type=\"wp-page\" data-elementor-id=\"72\" class=\"elementor elementor-72\">\n\t\t\t\t\t\t<section class=\"elementor-section elementor-top-section elementor-element elementor-element-7a029309 elementor-section-boxed elementor-section-height-default elementor-section-height-default\" data-id=\"7a029309\" data-element_type=\"section\" data-e-type=\"section\">\n\t\t\t\t\t\t<div class=\"elementor-container elementor-column-gap-default\">\n\t\t\t\t\t<div class=\"elementor-column elementor-col-100 elementor-top-column elementor-element elementor-element-47fd017e\" data-id=\"47fd017e\" data-element_type=\"column\" data-e-type=\"column\">\n\t\t\t<div class=\"elementor-widget-wrap elementor-element-populated\">\n\t\t\t\t\t\t<div class=\"elementor-element elementor-element-f9ce0cb elementor-widget elementor-widget-image\" data-id=\"f9ce0cb\" data-element_type=\"widget\" data-e-type=\"widget\" data-widget_type=\"image.default\">\n\t\t\t\t<div class=\"elementor-widget-container\">\n\t\t\t\t\t\t\t\t\t\t\t\t\t\t\t<img fetchpriority=\"high\" decoding=\"async\" width=\"300\" height=\"300\" src=\"https:\/\/andidocoaching.de\/wp-content\/uploads\/2020\/01\/106-20130-19-Schaubmar-300x300.jpg\" class=\"attachment-medium size-medium wp-image-196\" alt=\"\" srcset=\"https:\/\/andidocoaching.de\/wp-content\/uploads\/2020\/01\/106-20130-19-Schaubmar-300x300.jpg 300w, https:\/\/andidocoaching.de\/wp-content\/uploads\/2020\/01\/106-20130-19-Schaubmar-150x150.jpg 150w, https:\/\/andidocoaching.de\/wp-content\/uploads\/2020\/01\/106-20130-19-Schaubmar-768x768.jpg 768w, https:\/\/andidocoaching.de\/wp-content\/uploads\/2020\/01\/106-20130-19-Schaubmar.jpg 945w\" sizes=\"(max-width: 300px) 100vw, 300px\" \/>\t\t\t\t\t\t\t\t\t\t\t\t\t\t\t<\/div>\n\t\t\t\t<\/div>\n\t\t\t\t<div class=\"elementor-element elementor-element-fc8da10 elementor-widget elementor-widget-text-editor\" data-id=\"fc8da10\" data-element_type=\"widget\" data-e-type=\"widget\" data-widget_type=\"text-editor.default\">\n\t\t\t\t<div class=\"elementor-widget-container\">\n\t\t\t\t\t\t\t\t\t\t\t\t\t\t\t\t\t<\/div>\n\t\t\t\t<\/div>\n\t\t\t\t\t<\/div>\n\t\t<\/div>\n\t\t\t\t\t<\/div>\n\t\t<\/section>\n\t\t\t\t<section class=\"elementor-section elementor-top-section elementor-element elementor-element-e05898e elementor-section-boxed elementor-section-height-default elementor-section-height-default\" data-id=\"e05898e\" data-element_type=\"section\" data-e-type=\"section\">\n\t\t\t\t\t\t<div class=\"elementor-container elementor-column-gap-default\">\n\t\t\t\t\t<div class=\"elementor-column elementor-col-100 elementor-top-column elementor-element elementor-element-8a7faa6\" data-id=\"8a7faa6\" data-element_type=\"column\" data-e-type=\"column\">\n\t\t\t<div class=\"elementor-widget-wrap elementor-element-populated\">\n\t\t\t\t\t\t<div class=\"elementor-element elementor-element-4d972a4 elementor-widget elementor-widget-testimonial\" data-id=\"4d972a4\" data-element_type=\"widget\" data-e-type=\"widget\" data-widget_type=\"testimonial.default\">\n\t\t\t\t<div class=\"elementor-widget-container\">\n\t\t\t\t\t\t\t<div class=\"elementor-testimonial-wrapper\">\n\t\t\t\t\t\t\t<div class=\"elementor-testimonial-content\">Im Rahmen einer Weiterbildung wollte ich vor einigen Jahren Coaching (als Kunde) ausprobieren. Die Methode hat mir bei einigen akuten Arbeitsplatzthemen sehr geholfen und mich seitdem nicht mehr losgelassen. Im Herbst 2019 habe ich meine Zertifizierung zum systemischen Business Coach erfolgreich abgelegt. Ich st\u00fctze mich im Coaching  gerne auf meine fast zwanzigj\u00e4hrige Erfahrung als F\u00fchrungskraft in der pharmazeutischen Industrie. <br>F\u00f6rderung pers\u00f6nlicher Entwicklungen, lebenslanges Lernen und Umgang mit Ver\u00e4nderungen habe ich in vielen F\u00e4llen aktiv mitgestalten k\u00f6nnen und liegen mir sehr am Herzen.   <br>Meine Freizeit verbringe ich am liebsten sehr aktiv mit meiner Frau und unseren beiden Kindern. Dabei spielen Sport und Musik eine gro\u00dfe Rolle.<\/div>\n\t\t\t\n\t\t\t\t\t<\/div>\n\t\t\t\t\t\t<\/div>\n\t\t\t\t<\/div>\n\t\t\t\t\t<\/div>\n\t\t<\/div>\n\t\t\t\t\t<\/div>\n\t\t<\/section>\n\t\t\t\t<\/div>\n\t\t","protected":false},"excerpt":{"rendered":"<p>Im Rahmen einer Weiterbildung wollte ich vor einigen Jahren Coaching (als Kunde) ausprobieren. Die Methode hat mir bei einigen akuten Arbeitsplatzthemen sehr geholfen und mich seitdem nicht mehr losgelassen. Im Herbst 2019 habe ich meine Zertifizierung zum systemischen Business Coach erfolgreich abgelegt. Ich st\u00fctze mich im Coaching gerne auf meine fast zwanzigj\u00e4hrige Erfahrung als F\u00fchrungskraft [&hellip;]<\/p>\n","protected":false},"author":1,"featured_media":0,"parent":105,"menu_order":3,"comment_status":"closed","ping_status":"closed","template":"","meta":{"footnotes":""},"class_list":["post-72","page","type-page","status-publish","hentry"],"_links":{"self":[{"href":"https:\/\/andidocoaching.de\/index.php?rest_route=\/wp\/v2\/pages\/72","targetHints":{"allow":["GET"]}}],"collection":[{"href":"https:\/\/andidocoaching.de\/index.php?rest_route=\/wp\/v2\/pages"}],"about":[{"href":"https:\/\/andidocoaching.de\/index.php?rest_route=\/wp\/v2\/types\/page"}],"author":[{"embeddable":true,"href":"https:\/\/andidocoaching.de\/index.php?rest_route=\/wp\/v2\/users\/1"}],"replies":[{"embeddable":true,"href":"https:\/\/andidocoaching.de\/index.php?rest_route=%2Fwp%2Fv2%2Fcomments&post=72"}],"version-history":[{"count":17,"href":"https:\/\/andidocoaching.de\/index.php?rest_route=\/wp\/v2\/pages\/72\/revisions"}],"predecessor-version":[{"id":311,"href":"https:\/\/andidocoaching.de\/index.php?rest_route=\/wp\/v2\/pages\/72\/revisions\/311"}],"up":[{"embeddable":true,"href":"https:\/\/andidocoaching.de\/index.php?rest_route=\/wp\/v2\/pages\/105"}],"wp:attachment":[{"href":"https:\/\/andidocoaching.de\/index.php?rest_route=%2Fwp%2Fv2%2Fmedia&parent=72"}],"curies":[{"name":"wp","href":"https:\/\/api.w.org\/{rel}","templated":true}]}}